s 1879512343 prime?
False
Is 76165571 composite?
True
Is 764428939 composite?
False
Is 11788528133 composite?
False
Is 10351900787 prime?
True
Is 529596911 composite?
True
Is 4502195185 a prime number?
False
Is 654071741 prime?
True
Is 9209764243 a prime number?
False
Is 22806762611 a composite number?
True
Is 115145239 prime?
False
Is 1953203177 prime?
True
Is 4862983087 prime?
False
Is 10675291973 prime?
False
Is 196237933 composite?
False
Is 11924309317 composite?
True
Is 9981661 composite?
False
Is 778462571 composite?
False
Is 3619010753 a composite number?
False
Is 637647839 a composite number?
False
Is 1487935577 a prime number?
True
Is 3551838629 composite?
False
Is 8347295267 composite?
False
Is 65043145049 a composite number?
False
Is 502763689 a prime number?
False
Is 68407256761 composite?
False
Is 4418045299 a prime number?
True
Is 240312803 a prime number?
True
Is 11966653841 composite?
True
Is 3248345869 prime?
True
Is 1009134859 a prime number?
False
Is 12137140441 a prime number?
False
Is 84848663503 a prime number?
True
Is 14669060641 prime?
True
Is 826423657 prime?
True
Is 5862618187 composite?
False
Is 26144455262 a prime number?
False
Is 21718205129 a composite number?
True
Is 13192002827 a prime number?
True
Is 25041989477 a composite number?
False
Is 4566160451 prime?
False
Is 1651345607 composite?
False
Is 120235121 prime?
True
Is 16063814831 a prime number?
False
Is 4013191811 a composite number?
True
Is 93526464037 composite?
False
Is 254869319 a composite number?
False
Is 4345976461 composite?
False
Is 85555097 composite?
False
Is 9101079749 a composite number?
False
Is 6661760813 composite?
False
Is 7095525529 prime?
False
Is 6825083887 composite?
True
Is 26046448271 a composite number?
True
Is 190419392861 prime?
True
Is 633128753 composite?
False
Is 14460127483 a composite number?
True
Is 56131370921 prime?
True
Is 87982742047 prime?
False
Is 12144603043 composite?
True
Is 40928278871 a prime number?
True
Is 7668667789 prime?
True
Is 1007927429 a composite number?
False
Is 3948464431 composite?
False
Is 793307149 a composite number?
False
Is 1776580073 composite?
False
Is 60246588211 a composite number?
True
Is 11405356877 a composite number?
True
Is 251432015 prime?
False
Is 80115449923 a composite number?
False
Is 2286205279 a prime number?
False
Is 17662690123 composite?
True
Is 9042943367 a composite number?
False
Is 17522931091 a composite number?
True
Is 2489888393 composite?
True
Is 311877913 a prime number?
False
Is 2233878239 a composite number?
True
Is 7342720023 a prime number?
False
Is 16849389079 a prime number?
True
Is 614084087 composite?
True
Is 38712782023 a prime number?
True
Is 91132415693 prime?
False
Is 1429961723 a prime number?
True
Is 2000726509 composite?
False
Is 6664180573 a composite number?
True
Is 89472853 a prime number?
False
Is 4260291643 prime?
True
Is 5193092713 a prime number?
True
Is 22232142113 prime?
True
Is 22388818921 a prime number?
False
Is 31080511979 prime?
False
Is 57611019443 a prime number?
False
Is 184099138369 prime?
True
Is 3470580977 a prime number?
True
Is 11608775987 composite?
False
Is 44930303473 a prime number?
False
Is 177698953 a composite number?
False
Is 2002707517 a prime number?
True
Is 831161869 prime?
True
Is 663067523 composite?
False
Is 3282534011 prime?
True
Is 25666254919 composite?
True
Is 19278985211 prime?
False
Is 7570412537 a prime number?
True
Is 57682101901 a composite number?
True
Is 1032513661 composite?
False
Is 87128042257 prime?
True
Is 2686252367 prime?
True
Is 1966356131 prime?
True
Is 16026058241 prime?
True
Is 539159755 prime?
False
Is 5423901809 a prime number?
True
Is 12101182493 prime?
True
Is 593838859 a prime number?
False
Is 17390294773 prime?
False
Is 24340707203 a composite number?
False
Is 4220856551 prime?
False
Is 39795447 a prime number?
False
Is 122850121 prime?
False
Is 2950395989 prime?
True
Is 157812961 prime?
True
Is 73999717607 composite?
False
Is 159746491 a composite number?
True
Is 5294935493 a composite number?
True
Is 2984312411 composite?
False
Is 5684843077 a composite number?
False
Is 43830754847 a composite number?
True
Is 3882866387 prime?
True
Is 3822077213 a composite number?
False
Is 2715219071 a composite number?
False
Is 43568557 a prime number?
True
Is 125758211 prime?
True
Is 21747301583 a composite number?
True
Is 205016123 composite?
True
Is 90457763863 a composite number?
False
Is 101645305 prime?
False
Is 290000454551 prime?
False
Is 6340014341 a prime number?
True
Is 3647086343 prime?
True
Is 8169252167 prime?
True
Is 1470800711 a composite number?
True
Is 60133327 prime?
False
Is 8633186267 composite?
False
Is 24643157489 prime?
True
Is 82663573 composite?
False
Is 279726763 prime?
False
Is 7142669293 a prime number?
False
Is 815102659 composite?
True
Is 66849422203 composite?
False
Is 8515677671 prime?
True
Is 4919506441 composite?
True
Is 24936978499 prime?
False
Is 38592422839 a composite number?
False
Is 329528957 a composite number?
False
Is 108885355471 prime?
True
Is 1928060417 a prime number?
False
Is 807969161 prime?
False
Is 170513669 a composite number?
False
Is 5085275515 composite?
True
Is 14993618023 prime?
True
Is 9494207593 prime?
False
Is 473401464923 a prime number?
True
Is 63779738339 a prime number?
True
Is 2929943749 a composite number?
False
Is 171867713 a prime number?
True
Is 1998006253 a composite number?
True
Is 57197747669 composite?
False
Is 406797197 a prime number?
True
Is 25988660671 a composite number?
False
Is 241067261 prime?
True
Is 15464321753 a prime number?
True
Is 28407526255 composite?
True
Is 12218651161 a prime number?
False
Is 9355164937 composite?
False
Is 40998593 prime?
False
Is 14616940889 composite?
False
Is 49231318511 composite?
True
Is 21880137511 a composite number?
True
Is 58755378691 a prime number?
True
Is 163297151 a composite number?
True
Is 45421989689 a prime number?
False
Is 326357525167 a composite number?
True
Is 1671282023 a prime number?
True
Is 41205769123 a prime number?
False
Is 12639078017 prime?
False
Is 6691941791 a prime number?
True
Is 3207771557 composite?
False
Is 3625685299 prime?
False
Is 69440767189 composite?
False
Is 85015717 composite?
False
Is 488615441 a composite number?
True
Is 7936807601 composite?
True
Is 22658843639 prime?
False
Is 903461371 composite?
True
Is 234004033 a prime number?
False
Is 441452524501 composite?
False
Is 149251806673 a prime number?
True
Is 943256861 prime?
False
Is 56437438 prime?
False
Is 84309715249 a composite number?
True
Is 26422379041 a composite number?
True
Is 858151139 a composite number?
False
Is 38038498789 composite?
False
Is 24172724129 a prime number?
True
Is 236135069 a composite number?
True
Is 793139129 prime?
False
Is 36608302837 a composite number?
True
Is 1642383619 composite?
False
Is 5197153691 a composite number?
True
Is 17458169783 a prime number?
False
Is 787456627 composite?
False
Is 2915113697 prime?
True
Is 3672641327 prime?
False
Is 25432910801 a prime number?
False
Is 35108419349 a composite number?
False
Is 41971029889 composite?
False
Is 2539241903 a prime number?
False
Is 229659247 prime?
True
Is 489220937 composite?
True
Is 501319867 composite?
True
Is 16126639663 a prime number?
True
Is 5614946053 a composite number?
True
Is 3110668931 a composite number?
False
Is 8885517797 prime?
False
Is 258189197 a prime number?
False
Is 795922003 a composite number?
False
Is 3471030431 composite?
True
Is 4432935779 composite?
False
Is 85365451 composite?
False
Is 381374359 a composite number?
True
Is 140388103 composite?
False
Is 129785473 composite?
False
Is 927714791 a composite number?
True
Is 18241120591 a prime number?
True
Is 1600919693 a prime number?
False
Is 1292150843 a prime number?
False
Is 4165442671 a composite number?
True
Is 8308031707 prime?
True
Is 1382882839 prime?
False
Is 85350689 composite?
False
Is 28524435061 a prime number?
False
Is 49682869799 a composite number?
True
Is 38104475141 prime?
False
Is 27434715643 a composite number?
False
Is 371394251 prime?
True
Is 168113839 a prime number?
False
Is 11615796161 a composite number?
False
Is 400495717 a composite number?
True
Is 20649036527 composite?
True
Is 214793615539 a prime nu